-1255 (base 9) to base 14.
-4b3
What is -42242 (base 5) in base 10?
-2822
2540 (base 13) to base 6
40255
Convert 33233 (base 6) to base 11.
3529
-170 (base 9) to base 3
-12100
Convert 210 (base 8) to base 10.
136
-3893 (base 10) to base 9
-5305
-68e3 (base 15) to base 14
-8183
What is -2080 (base 12) in base 16?
-de0
Convert -5469 (base 13) to base 16.
-2de4
Convert 10101010010111 (base 2) to base 8.
25227
212021 (base 3) to base 14
32c
What is 1104 (base 7) in base 13?
246
Convert 622 (base 11) to base 13.
459
What is -304 (base 12) in base 11?
-367
What is -17c1 (base 13) in base 11?
-2726
2024 (base 14) to base 15
1980
Convert 1154 (base 10) to base 13.
6aa
-814 (base 9) to base 8
-1225
What is 4466 (base 8) in base 5?
33413
620 (base 9) to base 7
1320
-172 (base 8) to base 5
-442
Convert -498 (base 11) to base 14.
-303
Convert 124a (base 15) to base 11.
2a21
-3202 (base 8) to base 6
-11414
What is -2020012 (base 3) in base 10?
-1625
Convert -4587 (base 13) to base 12.
-5780
What is -721 (base 15) in base 4?
-121012
What is -10d (base 14) in base 3?
-21202
1000111110 (base 2) to base 12
3ba
391 (base 13) to base 16
271
441432 (base 5) to base 12
89a2
Convert 1001102 (base 3) to base 2.
1011111111
What is -3d35 (base 16) in base 6?
-200313
What is 120302 (base 4) in base 3?
2011202
What is 418 (base 9) in base 11?
290
What is 933 (base 12) in base 6?
10103
-101022110 (base 3) to base 4
-1311132
-1101100 (base 3) to base 9
-1340
-1000011000100111 (base 2) to base 16
-8627
What is 14510 (base 6) in base 14?
bd8
8458 (base 9) to base 16
1841
-104433 (base 5) to base 16
-e9f
Convert 12356 (base 8) to base 9.
7313
What is -1488 (base 9) in base 16?
-46d
Convert 15 (base 13) to base 7.
24
20013 (base 4) to base 6
2223
Convert -1aa (base 14) to base 4.
-11122
3042431 (base 5) to base 3
2112020021
-414 (base 10) to base 14
-218
What is 2022 (base 4) in base 7?
255
-13326 (base 8) to base 3
-22000112
-4a (base 16) to base 6
-202
15775 (base 8) to base 7
26614
What is 8e3 (base 16) in base 7?
6430
Convert -337 (base 10) to base 3.
-110111
Convert -486 (base 10) to base 8.
-746
What is -1253 (base 7) in base 13?
-2ab
Convert 722a (base 13) to base 9.
23543
What is 111010011 (base 2) in base 12?
32b
Convert c717 (base 13) to base 3.
1101211000
-313 (base 6) to base 11
-a7
-44430 (base 11) to base 14
-19685
1199 (base 10) to base 12
83b
Convert 3303 (base 6) to base 8.
1367
Convert 42544 (base 10) to base 9.
64321
Convert 132140 (base 5) to base 15.
1880
Convert 905a (base 13) to base 16.
4d88
What is 2270 (base 10) in base 13?
1058
What is -12207 (base 10) in base 9?
-17663
What is 14223 (base 7) in base 15?
1243
-2110010002 (base 3) to base 14
-137c9
262 (base 12) to base 7
1025
What is 1213 (base 8) in base 10?
651
Convert 2a1 (base 12) to base 8.
631
What is 402123 (base 5) in base 11?
9676
Convert -319 (base 14) to base 7.
-1532
What is 14b0 (base 16) in base 4?
1102300
-3359 (base 10) to base 16
-d1f
1011100011 (base 2) to base 9
1011
2226 (base 7) to base 3
1002210
Convert 13ba3 (base 12) to base 8.
65753
457 (base 8) to base 12
213
-3152 (base 10) to base 3
-11022202
Convert 2792 (base 13) to base 2.
1011001000000
Convert 103 (base 8) to base 13.
52
422 (base 9) to base 8
530
385 (base 11) to base 2
111001000
Convert -1506 (base 7) to base 4.
-21102
-c93 (base 13) to base 7
-6156
Convert 212 (base 7) to base 8.
153
What is 331 (base 14) in base 5?
10011
What is -544211 (base 6) in base 13?
-17641
1220230 (base 5) to base 15
6d10
32c (base 14) to base 7
1555
Convert 234 (base 7) to base 9.
146
-430 (base 7) to base 8
-331
What is -2101121 (base 4) in base 9?
-13678
What is 10111100100 (base 2) in base 12?
a58
What is 44b8 (base 12) in base 10?
7628
Convert 144 (base 12) to base 13.
121
14062 (base 12) to base 15
8332
24053 (base 7) to base 2
1100001000100
-753 (base 10) to base 9
-1026
What is -103 (base 12) in base 4?
-2103
-2121210 (base 4) to base 14
-3820
Convert 27 (base 9) to base 3.
221
Convert -1201102 (base 3) to base 12.
-885
-8896 (base 13) to base 11
-1334a
177 (base 15) to base 4
11101
What is -511 (base 7) in base 16?
-fd
Convert -4063 (base 7) to base 9.
-1844
-101 (base 2) to base 13
-5
-3994 (base 16) to base 4
-3212110
What is d19e (base 16) in base 6?
1052234
Convert 1053 (base 6) to base 16.
f9
-46c (base 14) to base 9
-1177
101001110 (base 2) to base 3
110101
What is -400120 (base 5) in base 9?
-18167
-a229 (base 12) to base 5
-1030401
2120022 (base 3) to base 14
979
What is -66200 (base 7) in base 11?
-11497
Convert -1017 (base 9) to base 7.
-2113
Convert 198 (base 14) to base 2.
101001010
Convert -42082 (base 9) to base 4.
-12302000
Convert -10010001000001000 (base 2) to base 16.
-12208
39d8 (base 16) to base 6
152320
What is 133024 (base 6) in base 10?
12328
Convert -100111011100110 (base 2) to base 5.
-1121243
What is 2632 (base 7) in base 14?
519
2002112 (base 4) to base 11
62a4
-20543 (base 6) to base 8
-5357
-33123202 (base 4) to base 10
-63202
What is -f15 (base 16) in base 2?
-111100010101
What is 11000100000100 (base 2) in base 9?
18182
Convert -2122 (base 9) to base 6.
-11115
3 (base 5) to base 8
3
Convert -7859 (base 12) to base 16.
-3405
Convert -3c03 (base 16) to base 13.
-6cba
Convert 4202 (base 5) to base 14.
2b6
What is c61 (base 14) in base 5?
34222
What is -576 (base 9) in base 10?
-474
What is -b040 (base 12) in base 13?
-889b
Convert -413 (base 6) to base 13.
-ba
Convert 12946 (base 10) to base 11.
97aa
What is -1632 (base 7) in base 9?
-813
What is -10010221 (base 3) in base 16?
-8f5
What is -13f (base 16) in base 2?
-100111111
What is -31435 (base 6) in base 14?
-17b1
What is 2515 (base 14) in base 10?
6487
Convert 13d3b (base 15) to base 8.
174363
-140 (base 12) to base 14
-da
16388 (base 10) to base 15
4cc8
What is 101111100 (base 2) in base 5?
3010
-788 (base 9) to base 10
-647
What is 5443 (base 15) in base 13?
8172
-298b (base 13) to base 8
-13616
What is 1265 (base 7) in base 5?
3423
731 (base 15) to base 7
4504
Convert 4456 (base 8) to base 7.
6565
Convert 1e02 (base 15) to base 11.
49a4
Convert -2b1 (base 15) to base 7.
-1540
Convert -726 (base 9) to base 6.
-2423
Convert 236 (base 12) to base 2.
101001010
440 (base 15) to base 4
33000
-11327 (base 9) to base 7
-31015
What is 234 (base 6) in base 11?
86
100010011 (base 2) to base 4
10103
What is c523 (base 15) in base 14?
11278
Convert 300020 (base 4) to base 2.
110000001000
-40c5 (base 13) to base 12
-5219
Convert -1a01 (base 14) to base 16.
-1261
Convert 2c6 (base 16) to base 13.
428
What is 1131110 (base 4) in base 3?
22012012
20332 (base 6) to base 7
10634
Convert -31316 (base 9) to base 10.
-20670
What is 22c (base 14) in base 13?
273
Convert -16678 (base 12) to base 14.
-b980
What is -30032 (base 4) in base 11?
-651
What is 6792 (base 11) in base 15?
29a9
What is 11000001000000 (base 2) in base 16?
3040
Convert 812 (base 12) to base 16.
48e
-8 (base 15) to base 4
-20
Convert -114400 (base 8) to base 10.
-39168
2845 (base 9) to base 2
100001100011
-3550 (base 8) to base 16
-768
What is 1041 (base 7) in base 5?
2442
-5b (base 14) to base 15
-56
-10120 (base 6) to base 5
-20334
Convert 1211032 (base 4) to base 8.
14516
Convert 101313 (base 5) to base 13.
1695
Convert 5237 (base 12) to base 3.
110022021
-91 (base 13) to base 8
-166
What is -13132 (base 4) in base 16?
-1de
What is -3a7 (base 14) in base 3?
-1000020
121 (base 6) to base 4
301
Convert 10120002 (base 3) to base 5.
40334
Convert -44232 (base 6) to base 8.
-13774
Convert -213201 (base 4) to base 14.
-cc9
Convert cf38 (base 16) to base 4.
30330320
Convert 410 (base 9) to base 15.
173
-1270 (base 12) to base 5
-31400
What is 2065 (base 7) in base 3?
1000011
-516 (base 14) to base 2
-1111101000
Convert 2 (base 8) to base 7.
2
-1120 (base 13) to base 2
-100101011000
23235 (base 6) to base 3
11120112
-145205 (base 6) to base 13
-656c
Convert 3636 (base 9) to base 11.
2040
Convert 509 (base 14) to base 11.
81a
Convert 1010 (base 4) to base 2.
1000100
-6503 (base 10) to base 16
-1967
What is -4709 (base 10) in base 12?
-2885
What is 1110100000101 (base 2) in base 9?
11164
What is -1066 (base 10) in base 11?
-88a
Convert 110000110010100 (base 2) to base 7.
132554
What is -504 (base 8) i